{"id":75,"date":"2018-08-09T15:39:17","date_gmt":"2018-08-09T15:39:17","guid":{"rendered":"https:\/\/cescj.edu.py\/web\/?page_id=75"},"modified":"2022-11-11T09:29:03","modified_gmt":"2022-11-11T12:29:03","slug":"oferta-educativa","status":"publish","type":"page","link":"https:\/\/cescj.edu.py\/web\/oferta-educativa\/","title":{"rendered":"Oferta Educativa"},"content":{"rendered":"<p><span class=\"td_text_highlight_marker_blue td_text_highlight_marker\"><strong><img loading=\"lazy\" decoding=\"async\" class=\" wp-image-135 aligncenter\" src=\"https:\/\/cescj.edu.py\/web\/wp-content\/uploads\/2018\/08\/20180810_081935_Burst01-300x225.jpg\" alt=\"\" width=\"486\" height=\"364\" srcset=\"https:\/\/cescj.edu.py\/web\/wp-content\/uploads\/2018\/08\/20180810_081935_Burst01-300x225.jpg 300w, https:\/\/cescj.edu.py\/web\/wp-content\/uploads\/2018\/08\/20180810_081935_Burst01-768x576.jpg 768w, https:\/\/cescj.edu.py\/web\/wp-content\/uploads\/2018\/08\/20180810_081935_Burst01-1024x768.jpg 1024w, https:\/\/cescj.edu.py\/web\/wp-content\/uploads\/2018\/08\/20180810_081935_Burst01-80x60.jpg 80w, https:\/\/cescj.edu.py\/web\/wp-content\/uploads\/2018\/08\/20180810_081935_Burst01-265x198.jpg 265w, https:\/\/cescj.edu.py\/web\/wp-content\/uploads\/2018\/08\/20180810_081935_Burst01-696x522.jpg 696w, https:\/\/cescj.edu.py\/web\/wp-content\/uploads\/2018\/08\/20180810_081935_Burst01-1068x801.jpg 1068w, https:\/\/cescj.edu.py\/web\/wp-content\/uploads\/2018\/08\/20180810_081935_Burst01-560x420.jpg 560w\" sizes=\"auto, (max-width: 486px) 100vw, 486px\" \/>Educaci\u00f3n Inicial<\/strong><\/span><\/p>\n<ul>\n<li>Maternal: 2 a\u00f1os<\/li>\n<li>Pre Jard\u00edn: 3 a\u00f1os<\/li>\n<li>Jard\u00edn de Infantes: 4 a\u00f1os<\/li>\n<li>Pre escolar: 5 a\u00f1os\n<ul>\n<li>\n<div class=\"td-paragraph-padding-4\">Pabell\u00f3n independiente con moderna infraestructura<\/div>\n<\/li>\n<li>\n<div class=\"td-paragraph-padding-4\">Aulas amplias, ventiladas y climatizadas<\/div>\n<\/li>\n<li>\n<div class=\"td-paragraph-padding-4\">Salas especiales de: Estimulaci\u00f3n temprana, ingl\u00e9s, video, danza y juegos<\/div>\n<\/li>\n<li>\n<div class=\"td-paragraph-padding-4\">Oratorio<\/div>\n<\/li>\n<li>\n<div class=\"td-paragraph-padding-4\">Ba\u00f1os infantiles sexados<\/div>\n<\/li>\n<li>Rampas<\/li>\n<\/ul>\n<\/li>\n<\/ul>\n<p><span class=\"td_text_highlight_marker_blue td_text_highlight_marker\"><strong>Educaci\u00f3n Escolar B\u00e1sica<\/strong><\/span><\/p>\n<ul>\n<li>1\u00ba, 2\u00ba y 3er. Ciclos<\/li>\n<\/ul>\n<p><span class=\"td_text_highlight_marker_blue td_text_highlight_marker\">Educaci\u00f3n Media<\/span><\/p>\n<ul>\n<li>Bachillerato Cient\u00edfico con \u00e9nfasis en Ciencias B\u00e1sicas y Tecnolog\u00eda<\/li>\n<li>Bachillerato T\u00e9cnico en Servicio: Especialidad: Administraci\u00f3n de Negocios<br \/>\n<ul>\n<li>\n<div class=\"td-paragraph-padding-4\">Amplio comedor<\/div>\n<\/li>\n<li>\n<div class=\"td-paragraph-padding-4\">Parque arbolado<\/div>\n<\/li>\n<li>\n<div class=\"td-paragraph-padding-4\">Biblioteca<\/div>\n<\/li>\n<li>\n<div class=\"td-paragraph-padding-4\">Ingl\u00e9s e Inform\u00e1tica en todos los niveles<\/div>\n<\/li>\n<li>\n<div class=\"td-paragraph-padding-4\">Laboratorio<\/div>\n<\/li>\n<li>\n<div class=\"td-paragraph-padding-4\">Internet<\/div>\n<\/li>\n<li>\n<div class=\"td-paragraph-padding-4\">Aulas climatizadas<\/div>\n<\/li>\n<li>\n<div class=\"td-paragraph-padding-4\">Escuelas deportivas: Futbol \u2013 Handball \u2013 Basketball \u2013 Voleyball<\/div>\n<\/li>\n<li>\n<div class=\"td-paragraph-padding-4\">Actividades complementarias: Ajedrez &#8211;\u00a0Expresi\u00f3n corporal &#8211; OMAPA\u00a0<\/div>\n<\/li>\n<\/ul>\n<\/li>\n<\/ul>\n<div class=\"td-paragraph-padding-4 td-paragraph-padding-0\"><span class=\"td_text_highlight_marker_blue td_text_highlight_marker\">Pastoral<\/span><\/div>\n<ul>\n<li>\n<div class=\"td-paragraph-padding-4\">Catequesis Familiar de Iniciaci\u00f3n a la Vida Eucar\u00edstica (CFIVE)<\/div>\n<\/li>\n<li>\n<div class=\"td-paragraph-padding-4\">Agentes pastorales \u2013 Padres catequistas<\/div>\n<\/li>\n<li>\n<div class=\"td-paragraph-padding-4\">Primera confesi\u00f3n y Primera Comuni\u00f3n<\/div>\n<\/li>\n<li>\n<div class=\"td-paragraph-padding-4\">Monaguillos<\/div>\n<\/li>\n<li>\n<div class=\"td-paragraph-padding-4\">Monitores: j\u00f3venes l\u00edderes de Nivel Medio<\/div>\n<\/li>\n<li>\n<div class=\"td-paragraph-padding-4\">Coro de padres, ni\u00f1os y j\u00f3venes<\/div>\n<\/li>\n<li>\n<div class=\"td-paragraph-padding-4\">Solidaridad con comunidades carenciadas \u2013 Proyectos de intercambio comunitario<\/div>\n<\/li>\n<li>\n<div class=\"td-paragraph-padding-4\">Retiro Espiritual<\/div>\n<\/li>\n<li>\n<div class=\"td-paragraph-padding-4\">Jornadas espirituales<\/div>\n<\/li>\n<li>\n<div class=\"td-paragraph-padding-4\">Charlas<\/div>\n<\/li>\n<li>\n<div class=\"td-paragraph-padding-4\">Campamentos<\/div>\n<\/li>\n<li>\n<div class=\"td-paragraph-padding-4\">Formaci\u00f3n en la Identidad Salesiana<\/div>\n<\/li>\n<\/ul>\n\n\n<div class=\"wp-block-buttons is-layout-flex wp-block-buttons-is-layout-flex\">\n<div class=\"wp-block-button is-style-fill\"><a class=\"wp-block-button__link wp-element-button\" href=\"https:\/\/cescj.edu.py\/web\/pastoral\/\">Leer m\u00e1s<\/a><\/div>\n<\/div>\n\n\n\n<p><\/p>\n","protected":false},"excerpt":{"rendered":"<p>Educaci\u00f3n Inicial Maternal: 2 a\u00f1os Pre Jard\u00edn: 3 a\u00f1os Jard\u00edn de Infantes: 4 a\u00f1os Pre escolar: 5 a\u00f1os Pabell\u00f3n independiente con moderna infraestructura Aulas amplias, ventiladas y climatizadas Salas especiales de: Estimulaci\u00f3n temprana, ingl\u00e9s, video, danza y juegos Oratorio Ba\u00f1os infantiles sexados Rampas Educaci\u00f3n Escolar B\u00e1sica 1\u00ba, 2\u00ba y 3er. Ciclos Educaci\u00f3n Media Bachillerato Cient\u00edfico [&hellip;]<\/p>\n","protected":false},"author":1,"featured_media":0,"parent":0,"menu_order":0,"comment_status":"closed","ping_status":"closed","template":"","meta":{"footnotes":""},"class_list":["post-75","page","type-page","status-publish","hentry"],"_links":{"self":[{"href":"https:\/\/cescj.edu.py\/web\/wp-json\/wp\/v2\/pages\/75","targetHints":{"allow":["GET"]}}],"collection":[{"href":"https:\/\/cescj.edu.py\/web\/wp-json\/wp\/v2\/pages"}],"about":[{"href":"https:\/\/cescj.edu.py\/web\/wp-json\/wp\/v2\/types\/page"}],"author":[{"embeddable":true,"href":"https:\/\/cescj.edu.py\/web\/wp-json\/wp\/v2\/users\/1"}],"replies":[{"embeddable":true,"href":"https:\/\/cescj.edu.py\/web\/wp-json\/wp\/v2\/comments?post=75"}],"version-history":[{"count":4,"href":"https:\/\/cescj.edu.py\/web\/wp-json\/wp\/v2\/pages\/75\/revisions"}],"predecessor-version":[{"id":1573,"href":"https:\/\/cescj.edu.py\/web\/wp-json\/wp\/v2\/pages\/75\/revisions\/1573"}],"wp:attachment":[{"href":"https:\/\/cescj.edu.py\/web\/wp-json\/wp\/v2\/media?parent=75"}],"curies":[{"name":"wp","href":"https:\/\/api.w.org\/{rel}","templated":true}]}}